{"id":85,"date":"2019-03-31T12:44:44","date_gmt":"2019-03-31T12:44:44","guid":{"rendered":"https:\/\/www.kominictvisevcik.cz\/?page_id=85"},"modified":"2019-03-31T12:44:44","modified_gmt":"2019-03-31T12:44:44","slug":"o-nas","status":"publish","type":"page","link":"https:\/\/www.kominictvisevcik.cz\/index.php\/o-nas\/","title":{"rendered":"O n\u00e1s"},"content":{"rendered":"<p>Kominictv\u00ed je \u0159emeslo ve kter\u00e9m se mus\u00ed ke ka\u017ed\u00e9mu p\u0159\u00edpadu p\u0159istupovat individu\u00e1ln\u011b. Proto je pot\u0159eba p\u0159istupovat k pr\u00e1ci nejenom hlavou ale i srdcem.<\/p>\n<p>Proto n\u00e1s pr\u00e1ce bav\u00ed a to je d\u016fle\u017eit\u00e9.<\/p>\n","protected":false},"excerpt":{"rendered":"<p>Kominictv\u00ed je \u0159emeslo ve kter\u00e9m se mus\u00ed ke ka\u017ed\u00e9mu p\u0159\u00edpadu p\u0159istupovat individu\u00e1ln\u011b. Proto je pot\u0159eba p\u0159istupovat k pr\u00e1ci nejenom hlavou ale i srdcem. Proto n\u00e1s pr\u00e1ce bav\u00ed a to je d\u016fle\u017eit\u00e9.<\/p>\n","protected":false},"author":6,"featured_media":0,"parent":0,"menu_order":0,"comment_status":"closed","ping_status":"closed","template":"","meta":[],"_links":{"self":[{"href":"https:\/\/www.kominictvisevcik.cz\/index.php\/wp-json\/wp\/v2\/pages\/85"}],"collection":[{"href":"https:\/\/www.kominictvisevcik.cz\/index.php\/wp-json\/wp\/v2\/pages"}],"about":[{"href":"https:\/\/www.kominictvisevcik.cz\/index.php\/wp-json\/wp\/v2\/types\/page"}],"author":[{"embeddable":true,"href":"https:\/\/www.kominictvisevcik.cz\/index.php\/wp-json\/wp\/v2\/users\/6"}],"replies":[{"embeddable":true,"href":"https:\/\/www.kominictvisevcik.cz\/index.php\/wp-json\/wp\/v2\/comments?post=85"}],"version-history":[{"count":1,"href":"https:\/\/www.kominictvisevcik.cz\/index.php\/wp-json\/wp\/v2\/pages\/85\/revisions"}],"predecessor-version":[{"id":172,"href":"https:\/\/www.kominictvisevcik.cz\/index.php\/wp-json\/wp\/v2\/pages\/85\/revisions\/172"}],"wp:attachment":[{"href":"https:\/\/www.kominictvisevcik.cz\/index.php\/wp-json\/wp\/v2\/media?parent=85"}],"curies":[{"name":"wp","href":"https:\/\/api.w.org\/{rel}","templated":true}]}}