{"id":102,"date":"2019-03-31T12:35:04","date_gmt":"2019-03-31T12:35:04","guid":{"rendered":"https:\/\/www.kominictvisevcik.cz\/?page_id=102"},"modified":"2024-01-08T14:59:04","modified_gmt":"2024-01-08T14:59:04","slug":"cenik","status":"publish","type":"page","link":"https:\/\/www.kominictvisevcik.cz\/index.php\/cenik\/","title":{"rendered":"Cen\u00edk"},"content":{"rendered":"\n<h2>Kominick\u00e9 slu\u017eby<\/h2>\n\n\n\n<p class=\"has-text-align-left\">\u010ci\u0161t\u011bn\u00ed spalinov\u00fdch cest, v\u010detn\u011b vybr\u00e1n\u00ed saz\u00ed a vystaven\u00ed zpr\u00e1vy o proveden\u00ed \u010di\u0161t\u011bn\u00ed a kontroly spalinov\u00fdch cest.<\/p>\n\n\n\n<p>Jedna spalinov\u00e1 cesta        1000,- <\/p>\n\n\n\n<p>Ka\u017ed\u00e1 dal\u0161\u00ed v objektu       + 500,- <\/p>\n\n\n\n<p>U bytov\u00fdch dom\u016f cena individu\u00e1ln\u00ed.<\/p>\n\n\n\n<p>uveden\u00e9 ceny jsou v\u010detn\u011b dopravy.<br><\/p>\n\n\n\n<p>Ostatn\u00ed slu\u017eby z nab\u00eddky, cena individu\u00e1ln\u00ed.<\/p>\n","protected":false},"excerpt":{"rendered":"<p>Kominick\u00e9 slu\u017eby \u010ci\u0161t\u011bn\u00ed spalinov\u00fdch cest, v\u010detn\u011b vybr\u00e1n\u00ed saz\u00ed a vystaven\u00ed zpr\u00e1vy o proveden\u00ed \u010di\u0161t\u011bn\u00ed a kontroly spalinov\u00fdch cest. Jedna spalinov\u00e1 cesta 1000,- Ka\u017ed\u00e1 dal\u0161\u00ed v objektu + 500,- U bytov\u00fdch dom\u016f cena individu\u00e1ln\u00ed. uveden\u00e9 ceny jsou v\u010detn\u011b dopravy. Ostatn\u00ed slu\u017eby z nab\u00eddky, cena individu\u00e1ln\u00ed.<\/p>\n","protected":false},"author":6,"featured_media":0,"parent":0,"menu_order":0,"comment_status":"closed","ping_status":"closed","template":"","meta":[],"_links":{"self":[{"href":"https:\/\/www.kominictvisevcik.cz\/index.php\/wp-json\/wp\/v2\/pages\/102"}],"collection":[{"href":"https:\/\/www.kominictvisevcik.cz\/index.php\/wp-json\/wp\/v2\/pages"}],"about":[{"href":"https:\/\/www.kominictvisevcik.cz\/index.php\/wp-json\/wp\/v2\/types\/page"}],"author":[{"embeddable":true,"href":"https:\/\/www.kominictvisevcik.cz\/index.php\/wp-json\/wp\/v2\/users\/6"}],"replies":[{"embeddable":true,"href":"https:\/\/www.kominictvisevcik.cz\/index.php\/wp-json\/wp\/v2\/comments?post=102"}],"version-history":[{"count":9,"href":"https:\/\/www.kominictvisevcik.cz\/index.php\/wp-json\/wp\/v2\/pages\/102\/revisions"}],"predecessor-version":[{"id":317,"href":"https:\/\/www.kominictvisevcik.cz\/index.php\/wp-json\/wp\/v2\/pages\/102\/revisions\/317"}],"wp:attachment":[{"href":"https:\/\/www.kominictvisevcik.cz\/index.php\/wp-json\/wp\/v2\/media?parent=102"}],"curies":[{"name":"wp","href":"https:\/\/api.w.org\/{rel}","templated":true}]}}